{"id":3,"date":"2025-11-05T06:05:49","date_gmt":"2025-11-05T06:05:49","guid":{"rendered":"https:\/\/rochester-hotel.com\/newsite\/?page_id=3"},"modified":"2026-04-29T17:10:28","modified_gmt":"2026-04-29T20:10:28","slug":"politica-de-privacidad","status":"publish","type":"page","link":"https:\/\/rochester-hotel.com\/newsite\/politica-de-privacidad\/","title":{"rendered":"Pol\u00edtica de Privacidad"},"content":{"rendered":"\t\t<div data-elementor-type=\"wp-page\" data-elementor-id=\"3\" class=\"elementor elementor-3\" data-elementor-post-type=\"page\">\n\t\t\t\t<div class=\"elementor-element elementor-element-1d2318c e-flex e-con-boxed e-con e-parent\" data-id=\"1d2318c\" data-element_type=\"container\" data-e-type=\"container\">\n\t\t\t\t\t<div class=\"e-con-inner\">\n\t\t\t\t<div class=\"elementor-element elementor-element-7953d765 elementor-widget elementor-widget-text-editor\" data-id=\"7953d765\" data-element_type=\"widget\" data-e-type=\"widget\" data-settings=\"{&quot;_animation_mobile&quot;:&quot;fadeIn&quot;}\" data-widget_type=\"text-editor.default\">\n\t\t\t\t\t\t\t\t\t<h2><strong>POL\u00cdTICA DE PRIVACIDAD<\/strong><\/h2>\n<p><em>Rochester Hotels<\/em><\/p>\n<p>Tu experiencia comienza con confianza. En Rochester Hotels protegemos tu informaci\u00f3n para garantizar una experiencia segura, transparente y alineada a los m\u00e1s altos est\u00e1ndares.<\/p>\n<p><strong>Resumen<\/strong><\/p>\n<p>Recopilamos datos para gestionar reservas y mejorar tu experiencia. No comercializamos tu informaci\u00f3n. Aplicamos est\u00e1ndares internacionales de seguridad. Pod\u00e9s acceder, corregir o eliminar tus datos en cualquier momento.<\/p>\n<ul>\n<li aria-level=\"1\">\u00bfQu\u00e9 datos recopilamos?<br \/>Para brindarte nuestros servicios, podemos recopilar datos personales como nombre, apellido, documento de identidad, nacionalidad, domicilio, correo electr\u00f3nico, tel\u00e9fono, fechas de estad\u00eda, preferencias de alojamiento y cualquier otro dato necesario para la correcta prestaci\u00f3n del servicio.<br \/>Tambi\u00e9n podemos recopilar datos de navegaci\u00f3n como direcci\u00f3n IP, dispositivo, p\u00e1ginas visitadas y tiempo de navegaci\u00f3n.<br \/>Estos datos pueden ser proporcionados directamente por el usuario o a trav\u00e9s de plataformas de reserva habilitadas.<\/li>\n<\/ul>\n<ul>\n<li aria-level=\"1\">\u00bfPara qu\u00e9 utilizamos tu informaci\u00f3n?<br \/>Los datos personales ser\u00e1n utilizados para gestionar reservas, estad\u00edas y servicios, cumplir con obligaciones legales y de seguridad, mejorar la experiencia del hu\u00e9sped conforme a sus preferencias y enviar comunicaciones comerciales o promocionales \u00fanicamente cuando se cuente con el consentimiento correspondiente.<\/li>\n<\/ul>\n<ul>\n<li aria-level=\"1\">Marco legal<br \/>El tratamiento de los datos personales se realiza conforme a la normativa vigente, incluyendo la Ley N\u00b0 25.326 de Protecci\u00f3n de Datos Personales de la Rep\u00fablica Argentina, la Lei Geral de Prote\u00e7\u00e3o de Dados (Ley N\u00b0 13.709\/2018) de Brasil y buenas pr\u00e1cticas internacionales aplicables.<\/li>\n<\/ul>\n<ul>\n<li aria-level=\"1\">Responsable del tratamiento<br \/>Rochester Hotels act\u00faa como marca comercial que agrupa distintos establecimientos hoteleros en Latinoam\u00e9rica. El responsable del tratamiento ser\u00e1 la sociedad titular del establecimiento donde se contrate el servicio.<br \/>Domicilio legal com\u00fan: Esmeralda 542, Ciudad Aut\u00f3noma de Buenos Aires, Argentina.<\/li>\n<\/ul>\n<ul>\n<li aria-level=\"1\">Seguridad de la informaci\u00f3n<br \/>Se aplican medidas t\u00e9cnicas y organizativas adecuadas para proteger los datos personales. Rochester Hotels cumple con est\u00e1ndares internacionales de seguridad en medios de pago como PCI DSS. La informaci\u00f3n vinculada a tarjetas de cr\u00e9dito es procesada mediante plataformas seguras y encriptadas, y no se almacenan datos sensibles como c\u00f3digos de seguridad.<\/li>\n<\/ul>\n<ul>\n<li aria-level=\"1\">Datos sensibles<br \/>Los datos relacionados con condiciones de salud, alergias o necesidades de accesibilidad son considerados datos sensibles. Su tratamiento se realiza con medidas de seguridad reforzadas y exclusivamente para garantizar el bienestar y la seguridad del hu\u00e9sped.<\/li>\n<\/ul>\n<ul>\n<li aria-level=\"1\">Videovigilancia<br \/>Algunas \u00e1reas comunes de los establecimientos cuentan con sistemas de videovigilancia por motivos de seguridad. Las im\u00e1genes se conservan por per\u00edodos limitados y solo podr\u00e1n ser compartidas ante requerimiento de autoridades competentes.<\/li>\n<\/ul>\n<ul>\n<li aria-level=\"1\">Transferencia internacional de datos<br \/>Los datos personales podr\u00e1n ser compartidos con empresas vinculadas o proveedores ubicados en el exterior, bajo acuerdos que garanticen niveles adecuados de protecci\u00f3n conforme a la normativa aplicable.<\/li>\n<\/ul>\n<ul>\n<li aria-level=\"1\">Plazo de conservaci\u00f3n<br \/>Los datos ser\u00e1n conservados durante el tiempo necesario para cumplir con las finalidades para las cuales fueron recolectados y seg\u00fan lo exijan las obligaciones legales. Finalizados dichos plazos, ser\u00e1n eliminados o anonimizados de manera segura.<\/li>\n<\/ul>\n<ul>\n<li aria-level=\"1\">Datos de menores<br \/>Los servicios no est\u00e1n dirigidos a menores de edad. En caso de estad\u00edas familiares, los datos de menores ser\u00e1n proporcionados por sus padres, tutores o responsables legales.<\/li>\n<\/ul>\n<ul>\n<li aria-level=\"1\">Derechos del titular<br \/>El titular de los datos podr\u00e1 ejercer sus derechos de acceso, rectificaci\u00f3n, actualizaci\u00f3n y supresi\u00f3n, conforme a la normativa vigente en Argentina y Brasil. Para ejercer estos derechos, podr\u00e1 contactarse a trav\u00e9s de los canales indicados en esta pol\u00edtica.<\/li>\n<\/ul>\n<ul>\n<li aria-level=\"1\">Autoridades de control<br \/>En Argentina, la Agencia de Acceso a la Informaci\u00f3n P\u00fablica es el \u00f3rgano de control de la Ley N\u00b0 25.326. En Brasil, la autoridad competente es la Autoridade Nacional de Prote\u00e7\u00e3o de Dados (ANPD).<\/li>\n<\/ul>\n<ul>\n<li aria-level=\"1\">Jurisdicci\u00f3n<br \/>La presente pol\u00edtica se rige por las leyes de la Rep\u00fablica Argentina. Cualquier controversia ser\u00e1 sometida a los tribunales competentes de la Ciudad Aut\u00f3noma de Buenos Aires.<\/li>\n<\/ul>\n<h2>\u00a0<\/h2>\n<h2><strong>POL\u00cdTICA DE COOKIES<\/strong><\/h2>\n<p><em>Rochester Hotels<\/em><\/p>\n<ul>\n<li aria-level=\"1\">\u00bfQu\u00e9 son las cookies?<br \/>Las cookies son archivos que se almacenan en el dispositivo del usuario al navegar en un sitio web. Permiten reconocer el dispositivo, recordar preferencias y recopilar informaci\u00f3n para mejorar la experiencia.<\/li>\n<\/ul>\n<ul>\n<li aria-level=\"1\">\u00bfPara qu\u00e9 utilizamos cookies?<br \/>Las cookies se utilizan para permitir el correcto funcionamiento del sitio, mejorar la experiencia de navegaci\u00f3n, analizar el uso del sitio y ofrecer contenido y publicidad relevante.<\/li>\n<\/ul>\n<ul>\n<li aria-level=\"1\">Tipos de cookies utilizadas<br \/>Cookies necesarias: permiten el funcionamiento b\u00e1sico del sitio y no requieren consentimiento.<br \/>Cookies anal\u00edticas: permiten analizar el uso del sitio y mejorar su rendimiento.<br \/>Cookies de marketing: permiten mostrar contenido y anuncios relevantes en funci\u00f3n del comportamiento del usuario.<\/li>\n<\/ul>\n<ul>\n<li aria-level=\"1\">Cookies de terceros<br \/>El sitio puede utilizar herramientas de terceros como Google Analytics o plataformas publicitarias, que gestionan la informaci\u00f3n conforme a sus propias pol\u00edticas.<\/li>\n<\/ul>\n<ul>\n<li aria-level=\"1\">Consentimiento y configuraci\u00f3n<br \/>Al ingresar al sitio, el usuario podr\u00e1 aceptar, rechazar o configurar el uso de cookies seg\u00fan sus preferencias. El consentimiento puede ser modificado en cualquier momento desde el panel de configuraci\u00f3n disponible en el sitio.<\/li>\n<\/ul>\n<ul>\n<li aria-level=\"1\">Tracking y perfilado<br \/>Se podr\u00e1n utilizar tecnolog\u00edas de seguimiento para personalizar la experiencia del usuario. Estas pr\u00e1cticas se realizar\u00e1n \u00fanicamente cuando se cuente con el consentimiento correspondiente.<\/li>\n<\/ul>\n<ul>\n<li aria-level=\"1\">Plazo de conservaci\u00f3n<br \/>Las cookies podr\u00e1n ser de sesi\u00f3n o persistentes, y se conservar\u00e1n \u00fanicamente durante el tiempo necesario para cumplir su finalidad.<\/li>\n<\/ul>\n<ul>\n<li aria-level=\"1\">Actualizaciones<br \/>Rochester Hotels podr\u00e1 actualizar esta pol\u00edtica en cualquier momento. La versi\u00f3n vigente estar\u00e1 siempre disponible en el sitio web.<\/li>\n<\/ul>\n<p>\u00a0<\/p>\n<p><strong>Contacto<\/strong><\/p>\n<p><em>Rochester Hotels<\/em><\/p>\n<p>Esmeralda 542, Ciudad Aut\u00f3noma de Buenos Aires, Argentina<\/p>\n<p>Email: <a href=\"mailto:info@rochester-hotels.com\">info@rochester-hotels.com<\/a><\/p>\n<p>Tel\u00e9fono: <a href=\"tel:+541152561060\">+54 11 5256-1060<\/a><\/p>\t\t\t\t\t\t\t\t<\/div>\n\t\t\t\t\t<\/div>\n\t\t\t\t<\/div>\n\t\t\t\t<\/div>\n\t\t","protected":false},"excerpt":{"rendered":"<p>POL\u00cdTICA DE PRIVACIDAD Rochester Hotels Tu experiencia comienza con confianza. En Rochester Hotels protegemos tu informaci\u00f3n para garantizar una experiencia segura, transparente y alineada a los m\u00e1s altos est\u00e1ndares. Resumen Recopilamos datos para gestionar reservas y mejorar tu experiencia. No comercializamos tu informaci\u00f3n. Aplicamos est\u00e1ndares internacionales de seguridad. Pod\u00e9s acceder, corregir o eliminar tus datos [&hellip;]<\/p>\n","protected":false},"author":1,"featured_media":0,"parent":0,"menu_order":0,"comment_status":"closed","ping_status":"closed","template":"","meta":{"footnotes":""},"class_list":["post-3","page","type-page","status-publish","hentry"],"_links":{"self":[{"href":"https:\/\/rochester-hotel.com\/newsite\/wp-json\/wp\/v2\/pages\/3","targetHints":{"allow":["GET"]}}],"collection":[{"href":"https:\/\/rochester-hotel.com\/newsite\/wp-json\/wp\/v2\/pages"}],"about":[{"href":"https:\/\/rochester-hotel.com\/newsite\/wp-json\/wp\/v2\/types\/page"}],"author":[{"embeddable":true,"href":"https:\/\/rochester-hotel.com\/newsite\/wp-json\/wp\/v2\/users\/1"}],"replies":[{"embeddable":true,"href":"https:\/\/rochester-hotel.com\/newsite\/wp-json\/wp\/v2\/comments?post=3"}],"version-history":[{"count":13,"href":"https:\/\/rochester-hotel.com\/newsite\/wp-json\/wp\/v2\/pages\/3\/revisions"}],"predecessor-version":[{"id":6263,"href":"https:\/\/rochester-hotel.com\/newsite\/wp-json\/wp\/v2\/pages\/3\/revisions\/6263"}],"wp:attachment":[{"href":"https:\/\/rochester-hotel.com\/newsite\/wp-json\/wp\/v2\/media?parent=3"}],"curies":[{"name":"wp","href":"https:\/\/api.w.org\/{rel}","templated":true}]}}